3 a composite number?
True
Is 18527777 a prime number?
False
Is 538621 a composite number?
False
Is 117375809 prime?
True
Is 62942797 a composite number?
False
Is 109147139 prime?
True
Is 4900235 composite?
True
Is 28925279 a composite number?
True
Is 96601169 prime?
False
Is 26001527 a composite number?
True
Is 110249 a composite number?
True
Is 917869 a composite number?
False
Is 4728803 a prime number?
False
Is 203826739 a prime number?
True
Is 25118921 a prime number?
False
Is 44568551 a prime number?
True
Is 388617095 composite?
True
Is 225814799 prime?
False
Is 389497 composite?
True
Is 2719055 prime?
False
Is 560554373 composite?
True
Is 61759853 a prime number?
False
Is 12089569 prime?
False
Is 999767 a prime number?
False
Is 3267727 a composite number?
False
Is 12345847 a prime number?
True
Is 341041 composite?
False
Is 43435487 a prime number?
True
Is 12324199 prime?
False
Is 20044099 a composite number?
True
Is 195694991 a prime number?
True
Is 12424661 a prime number?
True
Is 67737485 a composite number?
True
Is 46990981 composite?
False
Is 2622721 composite?
True
Is 280605791 a composite number?
True
Is 19436161 prime?
False
Is 14487403 composite?
True
Is 411396277 a composite number?
True
Is 2638177 prime?
True
Is 633331 prime?
False
Is 79815311 a prime number?
True
Is 18391759 composite?
True
Is 58070213 a composite number?
True
Is 111589915 prime?
False
Is 43045589 prime?
True
Is 1974037 prime?
False
Is 4518641 composite?
False
Is 16799231 a composite number?
False
Is 66318877 a composite number?
True
Is 137836211 prime?
False
Is 4859507 a prime number?
True
Is 613969901 a prime number?
False
Is 426997741 prime?
True
Is 67057393 prime?
False
Is 8212019 prime?
True
Is 7131811 composite?
True
Is 208331 prime?
False
Is 99087889 prime?
True
Is 120717551 composite?
False
Is 236921961 a prime number?
False
Is 610271 a prime number?
True
Is 9161497 a prime number?
True
Is 12570619 prime?
True
Is 4189359 a composite number?
True
Is 390797 a prime number?
False
Is 7571923 a prime number?
False
Is 25543307 prime?
False
Is 737702657 composite?
False
Is 172737001 prime?
False
Is 555738349 prime?
True
Is 1784989 a prime number?
True
Is 26099741 composite?
False
Is 156125933 composite?
False
Is 146321449 a prime number?
False
Is 290268697 prime?
True
Is 186738457 a composite number?
False
Is 26453761 a prime number?
True
Is 6219121 a composite number?
False
Is 33454495 a prime number?
False
Is 378236623 composite?
False
Is 1338581 prime?
True
Is 5754859 a prime number?
False
Is 5183747 a prime number?
True
Is 20721923 a prime number?
False
Is 67494671 composite?
False
Is 729223 a prime number?
False
Is 137980257 a prime number?
False
Is 10120921 composite?
False
Is 23351707 a composite number?
False
Is 1644649 a prime number?
False
Is 23852243 prime?
True
Is 484111 prime?
True
Is 104140271 composite?
False
Is 22064065 prime?
False
Is 1568939 prime?
False
Is 10414003 a composite number?
False
Is 18333661 a composite number?
False
Is 147728047 composite?
False
Is 900051 a composite number?
True
Is 821789 a prime number?
False
Is 31150703 a prime number?
True
Is 103685161 prime?
True
Is 6291427 a prime number?
False
Is 35041609 a composite number?
False
Is 871694953 prime?
True
Is 89171011 a prime number?
False
Is 20761087 a composite number?
False
Is 1697606765 prime?
False
Is 37293461 composite?
True
Is 381481 a prime number?
True
Is 83116519 composite?
True
Is 61916707 composite?
False
Is 28045483 a prime number?
False
Is 279696311 a composite number?
True
Is 44129513 a prime number?
True
Is 682865 prime?
False
Is 1253249 prime?
True
Is 4639277 composite?
False
Is 3214171 a composite number?
False
Is 1195636223 prime?
True
Is 126541 a prime number?
True
Is 88316413 a composite number?
False
Is 29846839 composite?
True
Is 1654927 a prime number?
False
Is 67132007 a composite number?
True
Is 76829 a prime number?
True
Is 1116546861 a composite number?
True
Is 2688793 prime?
False
Is 9596597 prime?
True
Is 230630459 composite?
True
Is 66153533 composite?
False
Is 1658431 composite?
True
Is 56695919 a prime number?
False
Is 199250551 composite?
False
Is 11970547 a composite number?
True
Is 472390073 a composite number?
False
Is 25709989 a prime number?
False
Is 62438 composite?
True
Is 133628593 composite?
True
Is 13907149 a composite number?
False
Is 28233089 a composite number?
True
Is 42647 prime?
False
Is 4471913 a composite number?
True
Is 7780957 composite?
True
Is 648550367 prime?
True
Is 6882299 prime?
False
Is 84947629 a prime number?
False
Is 28413067 composite?
True
Is 33243173 a prime number?
False
Is 507778121 prime?
False
Is 186419 a composite number?
False
Is 314601139 composite?
False
Is 2475713 composite?
True
Is 4835461 a prime number?
True
Is 736999 a prime number?
False
Is 16129691 a prime number?
True
Is 4966069 a composite number?
True
Is 169386323 prime?
True
Is 23603113 a composite number?
True
Is 6906905 prime?
False
Is 87565551 a prime number?
False
Is 8579327 a prime number?
False
Is 119118179 a prime number?
True
Is 14123077 a composite number?
True
Is 55050881 composite?
True
Is 12523579 composite?
False
Is 37384363 composite?
True
Is 2709623 a composite number?
True
Is 280672753 a prime number?
True
Is 5308649 composite?
True
Is 40054611 a composite number?
True
Is 11519 a prime number?
True
Is 75894407 prime?
False
Is 8395663 a composite number?
True
Is 13124669 composite?
False
Is 40144569 prime?
False
Is 1566610103 a prime number?
True
Is 679843 a composite number?
False
Is 17419331 composite?
True
Is 625915 prime?
False
Is 44071627 composite?
True
Is 287191 composite?
False
Is 102885539 composite?
True
Is 30471647 a composite number?
False
Is 16148591 composite?
True
Is 84116293 composite?
True
Is 549441499 a composite number?
False
Is 245666819 prime?
False
Is 20347619 a composite number?
False
Is 35739383 prime?
False
Is 110194207 a prime number?
True
Is 21189431 composite?
False
Is 5210411 a prime number?
True
Is 1217893 prime?
True
Is 302827 a composite number?
True
Is 4537769 a prime number?
True
Is 8266271 prime?
False
Is 424725049 a prime number?
False
Is 3935969 prime?
False
Is 130618807 composite?
True
Is 4571123 prime?
False
Is 117729101 prime?
False
Is 67557151 a composite number?
False
Is 19328707 a composite number?
False
Is 327889 prime?
True
Is 7225709 composite?
False
Is 479657 a composite number?
True
Is 23021071 prime?
False
Is 24467699 a composite number?
True
Is 622957 a composite number?
False
Is 189051301 a composite number?
False
Is 15233527 a composite number?
True
Is 483121 a composite number?
True
Is 11123861 prime?
False
Is 205853 a composite number?
True
Is 951749 composite?
False
Is 1298366 a prime number?
False
Is 336631 prime?
True
Is 7631477 a prime number?
False
Is 6828943 composite?
True
Is 4587389 composite?
False
Is 8996131 composite?
False
Is 36998267 prime?
True
Is 284421971 prime?
False
Is 21618869 a composite number?
True
Is 7561 prime?
True
Is 12695713 prime?
True
Is 213676609 composite?
False
Is 270509011 a composite number?
False
Is 145627 a prime number?
False
Is 21934697 prime?
False
Is 153217187 a prime number?
True
Is 362499047 a prime number?
False
Is 12866683 a prime number?
False
Is 7778123 a prime number?
True
Is 642635738 prime?
False
Is 37592881 a composite number?
False
Is 2492651 composite?
True
Is 565679 a composite number?
True
Is 336902147 a composite number?
False
Is 505986077 prime?
False
Is 199077341 a prime number?
False
Is 178653479 composite?
False
Is 700627 a composite number?
False
Is 20842169 composite?
False
Is 122429089 composite?
False
Is 8063169 prime?
False
Is 21380519 a composite number?
False
Is 590959 a composite number?
False
Is 519947 prime?
True
Is 839272081 a prime number?
False
Is 68569 composite?
True
Is 4507607 a composite number?
True
Is 1915549 a prime number?
False
Is 8044909 a composite number?
True
Is 288329 composite?
True
Is 13670485 prime?
False
Is 49291 a composite number?
True
Is 17052649 prime?
False
Is 16972799 composite?
True
Is 16161727 a prime number?
True
Is 2249693 composite?
False
Is 192920869 a composite number?
True
Is 24117391 prime?
True
Is 2816171 a composite number?
False
Is 1017083 composite?
True
Is 8